 - 1 = 0. What is the units digit of 24/(-10)*20/f?
8
Suppose -5*k = 2*z - z - 29, 3*z + 5*k - 37 = 0. Suppose 3*c - z*c + 3 = 0. What is the units digit of c?
3
Let a = -7 - -9. Suppose a*p = -2*p + 36. What is the units digit of p?
9
Let j(l) = l**3 + l**2 - 2*l + 2. Let q(u) = 20*u + 8. Let i(n) = 7*n + 3. Let k(c) = -11*i(c) + 4*q(c). Let h be k(1). What is the tens digit of j(h)?
1
Let s(r) = 4*r**2 + r - 2. Let b be s(-2). Let k(j) = -j**3 + 11*j**2 + 14*j - 5. What is the units digit of k(b)?
9
Suppose -j + 1 = 9. Let l(q) = -q + 5. What is the units digit of l(j)?
3
Let d be 61 - (-7)/((-7)/2). Let i = d - 37. What is the units digit of i?
2
Let q = -68 - -30. Suppose u = -2*b + 6*u + 124, 4*b + 2*u - 224 = 0. Let t = q + b. What is the tens digit of t?
1
Let j(v) = 4*v. Let l be j(1). Suppose -b = -3*b + 20. What is the units digit of l/b - 24/(-15)?
2
What is the tens digit of 4/32 + (-1692)/(-32)?
5
Let b(l) = -l**3 - 6*l**2 - 6*l + 2. Let d = -9 + 3. What is the tens digit of b(d)?
3
Let x(g) be the second derivative of -11/2*g**2 - 1/2*g**3 - 5/6*g**4 - 2*g + 0 - 1/20*g**5. What is the tens digit of x(-10)?
1
Let u be 15/(2 - -1) + 0. Suppose 0 = u*h + 2*d - 6, h - 2*d + 4*d + 2 = 0. What is the tens digit of 21/h - 2/4?
1
Let k be (-10)/45 + (-50)/18. What is the units digit of 42/3*k/(-6)?
7
Let r(w) = w**3 + 16*w - 33. What is the tens digit of r(6)?
7
Let o(k) be the first derivative of -10*k**4 + k - 8. What is the tens digit of o(-1)?
4
Let c = -13 - -16. Suppose -c*w = h - 0*w - 43, -5*h + 143 = -3*w. What is the tens digit of h?
3
Suppose -1 = 3*a + 23. Let b = a + 5. What is the units digit of (-34)/(-6) + (-1)/b?
6
Let g(y) be the third derivative of y**5/30 - 5*y**4/12 + 3*y**3/2 + 5*y**2. What is the units digit of g(6)?
1
Let i be 1*2/(-4)*-4. Suppose -5*b + 0*l = -2*l - 58, -3*b - i*l + 38 = 0. What is the units digit of b?
2
Suppose 27 = -6*x + 3*x. Let u = 13 + x. What is the units digit of u + -1 + (-1)/(-1)?
4
Suppose 0 = 5*l + 8 - 28. Suppose 4*i - 28 - l = 0. What is the units digit of (-1)/4 - (-58)/i?
7
Let t(v) = -v - 1. Let b(h) = 2 - 2 + 5 + 5*h. Let s(c) = b(c) + 6*t(c). What is the units digit of s(-6)?
5
Let p(y) = y**3 - 4*y**2 - 3*y - 7. Let h be p(5). Suppose 0 = 2*a - 5 - 1. What is the units digit of 2/a - (-7)/h?
3
Let o = -68 + 24. Let h = 17 + o. Let p = 40 + h. What is the tens digit of p?
1
Let y(g) = -g**3 + 6*g**2 + 6*g + 8. Let w be y(7). Let i(t) = -t - 1. Let k be i(-1). Suppose -w = -n - k. What is the units digit of n?
1
Suppose -24 = 4*o - 3*w + w, -4*o - 32 = -4*w. What is the units digit of o/18 + (-3038)/(-63)?
8
Suppose -5*w = m - 94, 2*w + 1 + 5 = 0. What is the tens digit of m?
0
Suppose 4*o - 864 = -4*i, -4*o + 187 = -2*i - 695. What is the hundreds digit of o?
2
Let f be (-1)/4 + 9/4. Suppose -4*i - 56 = -5*j - i, -f*j + 23 = -i. What is the units digit of j?
3
Suppose -3 = -u - 1. Suppose 9 = -u*z + 49. What is the units digit of (-6)/(-4)*z/15?
2
Suppose 1 = -x - 3. Suppose -37 = -5*s + 3. Let p = x + s. What is the units digit of p?
4
What is the units digit of 34 - 3 - (2 + -1)?
0
What is the tens digit of (-2)/5 + -3*(-122)/15?
2
Let z = -117 - -279. What is the units digit of z?
2
Let v(s) = 2*s**2 - 2*s - 1. Let m be v(2). Suppose 0 = 5*c - m*c - 2. What is the units digit of c?
1
What is the tens digit of 32/144 + (-88)/(-9)?
1
What is the tens digit of 31 - (-1 + 1 + 1)?
3
Let j be (4/3)/((-2)/(-3)). Suppose 5*o - 3 = r + r, 45 = 5*r - j*o. Let k = r - 7. What is the units digit of k?
4
Suppose 5*a = 2*g + 127 + 14, -3*g = -2*a + 63. Suppose 6*q = 3*q + a. Suppose q + 4 = x. What is the units digit of x?
3
Let v(s) = s. Let d be v(1). Suppose 4*u + 11 = -9. Let c = d - u. What is the units digit of c?
6
Suppose 0 = 4*l - 539 - 73. What is the hundreds digit of l?
1
Suppose -4 = -3*u - 2*v - 0, -10 = -4*u + 2*v. Suppose 0 = -d - u*d + 9. Suppose l = 2*r - r + 6, 2*r = d*l - 19. What is the units digit of l?
7
Let c(k) be the third derivative of k**5/60 - 5*k**4/24 - k**3/3 + 4*k**2. Let v(g) = g**3 - g**2 - g + 6. Let s be v(0). What is the units digit of c(s)?
4
Suppose -2*m = 3*z - 133, -z - 179 = -3*m + 48. Suppose m = 3*f - 3*l - 22, 3*f = 5*l + 100. What is the units digit of f?
0
Suppose 4*p - 3*g - 6 = -g, -5 = -4*p + 3*g. Let j = 3 + -3. What is the units digit of -5 - -9 - j/p?
4
Let d(u) = u + 4. Let y be d(-5). Let i be (2 - y)*(-2)/(-3). Suppose -4*v + 10 = -2*c - 38, 0 = i*c + 8. What is the units digit of v?
0
Suppose 4*m - 5*w - 23 = 0, 4*m - 2*w + 0*w = 14. Let q be (-2)/m - (-6 - -2). Suppose -q = 2*t - 5, -3*y + 35 = 2*t. What is the tens digit of y?
1
Let j be (-6)/(2*2/(-4)). Suppose j = 2*x, -4*x + 13 = u - 20. Suppose 6 - u = -5*g. What is the units digit of g?
3
Let b = -76 + 221. What is the hundreds digit of b?
1
Suppose -10*f + 8*f + 98 = 0. What is the units digit of f?
9
Let c(l) = 12*l + 5. Let o be c(2). Suppose y - o = -2. What is the units digit of y?
7
Let x(t) = t + 2. Let s be x(-2). Suppose -4*r - 20 = -s*y - y, 2*y = -3*r - 15. Suppose -5*d - l + 7 = -3, y = -2*l. What is the units digit of d?
2
Let p = -12 + 57. What is the tens digit of p?
4
Let o(l) = l**2 - 5 + 0*l**2 + 18*l - 7*l - 10. Let c be o(-12). What is the units digit of 6/(c - (-15)/4)?
8
Let m = 5 - 5. What is the units digit of m + 8*(-1)/(-2)?
4
Suppose 18 = 4*n - 2*n. Let c(h) = -h**2 + 3*h - 2. Let r be c(2). Suppose x + r*x = n. What is the units digit of x?
9
Let c(y) = y**2 - 10*y + 9. Suppose 4*o + 18 = 3*m - 13, 7 = m + 2*o. Let s be c(m). Suppose -v + 8 = -s*v. What is the units digit of v?
8
Let d(x) = -13*x - 38. What is the units digit of d(-5)?
7
Let l be 191*-1*(-2 + 1). Let y = l - 80. What is the units digit of (-4)/14 - y/(-21)?
5
Let t(z) = -60*z - 16. Let p(q) = 12*q + 3. Let f(b) = -16*p(b) - 3*t(b). Let i be f(-1). Suppose i = 2*o - 8. What is the tens digit of o?
1
Let y = 20 - 15. What is the units digit of y?
5
Suppose 4*u = f + 6*u - 171, -4*f = -3*u - 673. What is the units digit of f?
9
Let i = 22 + -8. What is the units digit of i?
4
Suppose 0*d + 2 = q + d, -2*q + 7 = 3*d. Let i = 1 - q. What is the units digit of (10 - 1)*(i + -1)?
9
Let c(k) = -k**2 - 6*k - 1. Let a be (-5)/(-1)*(0 - 1). Let v be c(a). Suppose 0 = -s - l, -v*s + 0*l = 2*l - 8. What is the units digit of s?
4
Suppose 0*s - s - 4 = 0. Let o(h) = 5*h**2 + 6*h - h + 8 - 3 - 4*h**2. What is the units digit of o(s)?
1
Let g = -6 + 2. Let a = -2 - g. Suppose 3*t + 2*y - 45 = -a*y, -4*t + y + 41 = 0. What is the tens digit of t?
1
Let m(n) = 17*n**2 - 5*n + 7. What is the tens digit of m(3)?
4
Let a(o) = -o**3 + 3*o**2 + 4*o + 2. Let g be a(4). Let s(r) = -r + 7. Let i be s(5). Suppose i = j - g. What is the units digit of j?
4
Let l = 60 - 40. What is the tens digit of l?
2
What is the units digit of (-10 - -9) + 3*13?
8
Suppose -5 = -b - 0*b. What is the units digit of b?
5
Let o = -85 + 145. What is the units digit of o?
0
Let m(y) = y - 3. Let c be m(5). What is the units digit of ((-4)/c)/(7/(-28))?
8
Suppose -4*h - 6 = -86. What is the tens digit of h?
2
Suppose 2*a - 3 = 2*v - 7, 4 = 2*v - 3*a. Suppose 0 = 5*z - 4*u - 91, -3*u + 2*u = -z + 19. Suppose -v*k - 3 = -z. What is the units digit of k?
6
Let h = -3 - -8. Suppose -j - 44 = -h*j. What is the units digit of j?
1
Let n = 11 + -6. Suppose n*p = 63 + 7. What is the tens digit of p?
1
Let c(i) = -i - 2. Let o be c(-6). Suppose -o - 16 = -2*b. Suppose -2*n = -4 - b. What is the units digit of n?
7
What is the units digit of 470/14 + (-8)/14?
3
Let x be 57/(-9) + (-6)/(-18). Let a(t) = -t**3 - 4*t**2 + 4*t - 2. What is the tens digit of a(x)?
4
What is the tens digit of (-272)/(-6) + 3/(-9) + 0?
4
What is the hundreds digit of 13/(5*5/375)?
1
Let r(k) = 23*k - 1. What is the hundreds digit of r(5)?
1
Let m(v) = -1 + 4*v - 11*v + 2*v - 7*v. Let o(d) = -d**2 + d - 1. Let f be o(1). What is the tens digit of m(f)?
1
Suppose q + d = 6, 6*d - 8 = 2*q + 3*d. What is the units digit of q?
2
Let z be (0/2)/((-6)/6). Let v be (-15 - z)*4/12. Let n = v - -15. What is the tens digit of n?
1
Let q = -2 - -5. Suppose q*h - 5*h - 2*g - 6 = 0, -2*g = -3*h + 16. Suppose w = 2*w - h. What is the units digit of w?
2
Let h = -5 + 10. 